{"id":1071,"date":"2017-03-21T08:09:02","date_gmt":"2017-03-21T08:09:02","guid":{"rendered":"http:\/\/hasiciprzno.cz\/?page_id=1071"},"modified":"2017-03-21T08:37:01","modified_gmt":"2017-03-21T08:37:01","slug":"plamen","status":"publish","type":"page","link":"http:\/\/hasiciprzno.cz\/?page_id=1071","title":{"rendered":"Plamen"},"content":{"rendered":"<h5>SM\u011aRNICE HRY PLAMEN<\/h5>\n<p>Kompletn\u00ed sm\u011brnici hry Plamen 2016 lze st\u00e1hnout <a href=\"https:\/\/www.dh.cz\/dokumenty\/souteze\/mladez\/smernice\/smernice-plamen-2016.pdf\">zde<\/a>\u00a0(52 stran).<\/p>\n<h6>Po\u017e\u00e1rn\u00ed \u00fatok<\/h6>\n<p>Sout\u011b\u017en\u00ed prostor<\/p>\n<p><a href=\"http:\/\/hasiciprzno.cz\/wp-content\/uploads\/2017\/03\/Po\u017e\u00e1rn\u00ed-\u00fatok.jpg\"><img decoding=\"async\" loading=\"lazy\" class=\"aligncenter wp-image-1037 size-medium_large\" src=\"http:\/\/hasiciprzno.cz\/wp-content\/uploads\/2017\/03\/Po\u017e\u00e1rn\u00ed-\u00fatok-768x442.jpg\" alt=\"\" width=\"768\" height=\"442\" srcset=\"http:\/\/hasiciprzno.cz\/wp-content\/uploads\/2017\/03\/Po\u017e\u00e1rn\u00ed-\u00fatok-768x442.jpg 768w, http:\/\/hasiciprzno.cz\/wp-content\/uploads\/2017\/03\/Po\u017e\u00e1rn\u00ed-\u00fatok-300x173.jpg 300w, http:\/\/hasiciprzno.cz\/wp-content\/uploads\/2017\/03\/Po\u017e\u00e1rn\u00ed-\u00fatok-1024x589.jpg 1024w, http:\/\/hasiciprzno.cz\/wp-content\/uploads\/2017\/03\/Po\u017e\u00e1rn\u00ed-\u00fatok-521x300.jpg 521w, http:\/\/hasiciprzno.cz\/wp-content\/uploads\/2017\/03\/Po\u017e\u00e1rn\u00ed-\u00fatok.jpg 1626w\" sizes=\"(max-width: 768px) 100vw, 768px\" \/><\/a><\/p>\n<p>Po\u017e\u00e1rn\u00ed ter\u010d<\/p>\n<p><a href=\"http:\/\/hasiciprzno.cz\/wp-content\/uploads\/2017\/03\/terc.jpg\"><img decoding=\"async\" loading=\"lazy\" class=\"aligncenter wp-image-1039 size-medium_large\" src=\"http:\/\/hasiciprzno.cz\/wp-content\/uploads\/2017\/03\/terc-768x649.jpg\" alt=\"\" width=\"768\" height=\"649\" srcset=\"http:\/\/hasiciprzno.cz\/wp-content\/uploads\/2017\/03\/terc-768x649.jpg 768w, http:\/\/hasiciprzno.cz\/wp-content\/uploads\/2017\/03\/terc-300x253.jpg 300w, http:\/\/hasiciprzno.cz\/wp-content\/uploads\/2017\/03\/terc-355x300.jpg 355w, http:\/\/hasiciprzno.cz\/wp-content\/uploads\/2017\/03\/terc.jpg 1005w\" sizes=\"(max-width: 768px) 100vw, 768px\" \/><\/a><\/p>\n<p>Pravidla po\u017e\u00e1rn\u00edho \u00fatoku bez p\u0159ek\u00e1\u017eek:<\/p>\n<p style=\"text-align: center;\"><a href=\"http:\/\/hasiciprzno.cz\/wp-content\/uploads\/2017\/03\/Po\u017e\u00e1rn\u00ed-\u00fatok.pdf\" class=\"pdfemb-viewer\" style=\"\" data-width=\"max\" data-height=\"max\" data-toolbar=\"top\" data-toolbar-fixed=\"on\">Po\u017e\u00e1rn\u00ed \u00fatok<\/a><\/p>\n<h6>Z\u00e1vod po\u017e\u00e1rnick\u00e9 v\u0161estrannosti<\/h6>\n<p>Zdravov\u011bda<\/p>\n<p><a href=\"http:\/\/hasiciprzno.cz\/wp-content\/uploads\/2017\/03\/zdravov\u011bda.jpg\"><img decoding=\"async\" loading=\"lazy\" class=\"aligncenter wp-image-1087 size-full\" src=\"http:\/\/hasiciprzno.cz\/wp-content\/uploads\/2017\/03\/zdravov\u011bda.jpg\" alt=\"\" width=\"480\" height=\"512\" srcset=\"http:\/\/hasiciprzno.cz\/wp-content\/uploads\/2017\/03\/zdravov\u011bda.jpg 480w, http:\/\/hasiciprzno.cz\/wp-content\/uploads\/2017\/03\/zdravov\u011bda-281x300.jpg 281w\" sizes=\"(max-width: 480px) 100vw, 480px\" \/><\/a><\/p>\n<p>Po\u017e\u00e1rn\u00ed ochrana<\/p>\n<p><a href=\"http:\/\/hasiciprzno.cz\/wp-content\/uploads\/2017\/03\/znacky-pozarn\u00ed-ochrana.jpg\"><img decoding=\"async\" loading=\"lazy\" class=\"aligncenter wp-image-1088 size-full\" src=\"http:\/\/hasiciprzno.cz\/wp-content\/uploads\/2017\/03\/znacky-pozarn\u00ed-ochrana.jpg\" alt=\"\" width=\"576\" height=\"436\" srcset=\"http:\/\/hasiciprzno.cz\/wp-content\/uploads\/2017\/03\/znacky-pozarn\u00ed-ochrana.jpg 576w, http:\/\/hasiciprzno.cz\/wp-content\/uploads\/2017\/03\/znacky-pozarn\u00ed-ochrana-300x227.jpg 300w, http:\/\/hasiciprzno.cz\/wp-content\/uploads\/2017\/03\/znacky-pozarn\u00ed-ochrana-396x300.jpg 396w\" sizes=\"(max-width: 576px) 100vw, 576px\" \/><\/a><\/p>\n<p>Has\u00edc\u00ed prost\u0159edky<\/p>\n<p><a href=\"http:\/\/hasiciprzno.cz\/wp-content\/uploads\/2017\/03\/hasici-prostredky.jpg\"><img decoding=\"async\" loading=\"lazy\" class=\"aligncenter wp-image-1089 size-full\" src=\"http:\/\/hasiciprzno.cz\/wp-content\/uploads\/2017\/03\/hasici-prostredky.jpg\" alt=\"\" width=\"594\" height=\"392\" srcset=\"http:\/\/hasiciprzno.cz\/wp-content\/uploads\/2017\/03\/hasici-prostredky.jpg 594w, http:\/\/hasiciprzno.cz\/wp-content\/uploads\/2017\/03\/hasici-prostredky-300x198.jpg 300w, http:\/\/hasiciprzno.cz\/wp-content\/uploads\/2017\/03\/hasici-prostredky-455x300.jpg 455w\" sizes=\"(max-width: 594px) 100vw, 594px\" \/><\/a><\/p>\n<p>Pravidla hasi\u010dsk\u00e9 v\u0161estrannosti:<\/p>\n<p style=\"text-align: center;\"><a href=\"http:\/\/hasiciprzno.cz\/wp-content\/uploads\/2017\/03\/po\u017e\u00e1rnick\u00e1-v\u0161estranost.pdf\" class=\"pdfemb-viewer\" style=\"\" data-width=\"max\" data-height=\"max\" data-toolbar=\"top\" data-toolbar-fixed=\"on\">po\u017e\u00e1rnick\u00e1 v\u0161estranost<\/a><\/p>\n","protected":false},"excerpt":{"rendered":"<p>SM\u011aRNICE HRY PLAMEN Kompletn\u00ed sm\u011brnici hry Plamen 2016 lze st\u00e1hnout zde\u00a0(52 stran). Po\u017e\u00e1rn\u00ed \u00fatok Sout\u011b\u017en\u00ed prostor Po\u017e\u00e1rn\u00ed ter\u010d Pravidla po\u017e\u00e1rn\u00edho \u00fatoku bez p\u0159ek\u00e1\u017eek: Z\u00e1vod po\u017e\u00e1rnick\u00e9 v\u0161estrannosti Zdravov\u011bda Po\u017e\u00e1rn\u00ed ochrana Has\u00edc\u00ed prost\u0159edky Pravidla hasi\u010dsk\u00e9 v\u0161estrannosti:<\/p>\n","protected":false},"author":1,"featured_media":0,"parent":0,"menu_order":0,"comment_status":"closed","ping_status":"closed","template":"","meta":{"footnotes":""},"post_mailing_queue_ids":[],"_links":{"self":[{"href":"http:\/\/hasiciprzno.cz\/index.php?rest_route=\/wp\/v2\/pages\/1071"}],"collection":[{"href":"http:\/\/hasiciprzno.cz\/index.php?rest_route=\/wp\/v2\/pages"}],"about":[{"href":"http:\/\/hasiciprzno.cz\/index.php?rest_route=\/wp\/v2\/types\/page"}],"author":[{"embeddable":true,"href":"http:\/\/hasiciprzno.cz\/index.php?rest_route=\/wp\/v2\/users\/1"}],"replies":[{"embeddable":true,"href":"http:\/\/hasiciprzno.cz\/index.php?rest_route=%2Fwp%2Fv2%2Fcomments&post=1071"}],"version-history":[{"count":7,"href":"http:\/\/hasiciprzno.cz\/index.php?rest_route=\/wp\/v2\/pages\/1071\/revisions"}],"predecessor-version":[{"id":1092,"href":"http:\/\/hasiciprzno.cz\/index.php?rest_route=\/wp\/v2\/pages\/1071\/revisions\/1092"}],"wp:attachment":[{"href":"http:\/\/hasiciprzno.cz\/index.php?rest_route=%2Fwp%2Fv2%2Fmedia&parent=1071"}],"curies":[{"name":"wp","href":"https:\/\/api.w.org\/{rel}","templated":true}]}}